Let l be ((-19)/(-5) + -4)/(2/u). Is (-1 - 28/(-8))/(l/82) prime?
False
Is 6/14 - ((-21214825)/175 - 1) a composite number?
False
Suppose 14*d = 16*d + r - 3384, 5*d - 8463 = -r. Is d a composite number?
False
Let p(f) = -14*f + 4*f + 1 + 2*f + 1723*f**2 + 5*f. Is p(1) a prime number?
True
Suppose -680289 = -5*b - 2*c, -3*b = 14*c - 7*c - 408214. Is b prime?
False
Let y(k) = -3*k**3 + k**2 + 7*k - 32. Let w be y(4). Is (-169)/(-10)*1262 + 144/w prime?
False
Suppose 191*r = 183*r + 32392. Is r composite?
False
Let g(q) = -4*q**3 + 8*q**2 - 22. Let f be g(9). Let j = 4329 + f. Is j prime?
True
Suppose -9*h + 3102346 = 10*h - 6*h. Is h a prime number?
False
Let a(o) = 2*o**3 + 12*o**2 + 6*o - 5. Let v be a(-5). Suppose -12 = v*x - 16*x. Suppose -641 = 11*r - x*r. Is r a prime number?
True
Suppose -19 = -g - 3*b, -4*g + 11 = -0*b - b. Suppose -5*o + 33020 = -3*k, -g*k + 0*k = o - 6627. Is o a composite number?
False
Let l = 7 + -9. Let n be -94 + l/(6/9). Let t = n + 360. Is t a composite number?
False
Let t be 189708/60 + (11/5 - 3). Suppose -3376 = -3*h + t. Is h a composite number?
False
Let p be (48/28)/(12/294). Is (73766/p)/((-2)/(-6)) composite?
True
Let u be (-50)/(-15)*(-7365)/(-10). Suppose q - 12 = 5*q. Is (q + 4)*-2 + u composite?
True
Suppose 7*h - 3*h - d - 64 = 0, 4*d - 14 = -2*h. Is (-44)/(-330) + 10753/h prime?
False
Let j = 480 - 478. Is (-5075 + (j - 6))*(-2)/6 a composite number?
False
Let q = -535 + 534. Is 43992/60 + q/((-5)/4) a composite number?
True
Let g(b) = b + 10. Let j be g(-6). Let q = 56 - 62. Is (j - 30/9)/(q/(-2097)) composite?
False
Let f(l) = 30*l**2 - 9*l + 36. Let h be f(-12). Suppose 51*v - 50*v = 5*x + 1131, 5*x + h = 4*v. Is v composite?
True
Let t(x) be the second derivative of 913*x**3/2 - 17*x**2/2 + 4*x + 2. Is t(1) prime?
False
Let r = 67987 + -22584. Is r a prime number?
True
Let x(a) = a**3 - 6*a**2 - 7*a + 4. Let j = 98 - 91. Let h be x(j). Suppose -5*n + 1945 = -2*y - y, 5*y = -h*n + 1556. Is n a composite number?
False
Is 743*2*322/28 prime?
False
Let g = -30487 - -20797. Let p = 22161 + g. Is p composite?
True
Suppose -8*o + 2*o = 36. Is (1/o)/((-22)/1043724) a prime number?
True
Let o = 889384 - 624557. Is o a composite number?
False
Let n(d) = 19*d - 54. Let v be n(3). Suppose v*i + 5*u - 5942 = 4*u, 5*i - 9915 = -4*u. Is i a prime number?
True
Let b be (-1 - 9/(-5))*1100/8. Let d = 397 - b. Is d a prime number?
False
Let t = 134 - 116. Is (13 - -1)*1503/t a composite number?
True
Is 3/(((-56)/(-530996))/14) a composite number?
True
Let d = 17250 + -14999. Is d prime?
True
Suppose -4*p = p - 3*y - 30, 0 = 3*p + 2*y + 1. Suppose 10*f - p = 9*f. Is (-1158)/(-2)*f + -5 + 1 prime?
True
Let c(w) = 38*w**2 + 9*w - 91. Let t be c(-21). Let s = -11331 + t. Is s prime?
True
Let s(q) be the second derivative of -25*q**3 - 97*q**2/2 - 3*q + 6. Is s(-6) prime?
False
Is ((-8)/(-6))/((-20)/(-6)) + (-396498)/(-30) a prime number?
True
Let v be (-2 - (2 + -6)) + (-2391)/3. Let t = v + 3298. Is t a composite number?
False
Suppose r = x + 684, -x + 682 = r - 0*r. Is r composite?
False
Let c be -3235*(-2)/(-10)*-3. Let z = -111 - -111. Suppose t + 3*w - 2*w - c = 0, z = w - 4. Is t a composite number?
True
Let v(k) = -2*k**3 + 100*k**2 + 49*k + 8. Is v(39) a composite number?
False
Let j be (-1277632)/(-60) + (124/30 - 4). Let x = j - 10145. Is x a composite number?
False
Let x(p) be the third derivative of -p**6/40 - p**5/30 - p**4/8 + 19*p**3/6 + 123*p**2. Is x(-6) prime?
True
Suppose -3*w + 2*w = -5*v + 27, -4*v + 28 = -4*w. Let x be 4 + (w - -13) + 3. Is 4774/x + (-2)/9 a composite number?
True
Let l = -133 - -133. Suppose 14*t - 3*t - 201883 = l. Is t prime?
True
Let r(p) = -p**3 - 3*p**2 + 5*p - 3. Let d be r(3). Let b be (-70)/(-22) + d/231. Suppose g + 0*g = -2, -5*o = b*g - 4679. Is o composite?
False
Let a(u) be the third derivative of -79*u**4/24 - 14*u**3/3 + 4*u**2. Let o(y) = -y**3 + 12*y**2 - 14*y + 22. Let s be o(11). Is a(s) composite?
True
Let y(q) = -669*q + 6935. Is y(-126) composite?
False
Let p(k) be the second derivative of -359*k**3/6 - k**2/2 + 189*k + 2. Suppose 5 = -5*x - 5. Is p(x) prime?
False
Suppose 0 = 2*b + 4*z - 7*z - 19, 0 = -b + 4*z + 17. Suppose -k = 22*v - 19*v - 15397, 0 = b*k + 5*v - 77005. Is k a composite number?
True
Suppose -8*k - 36 = k. Let r(g) = 876*g**2 + g - 15. Is r(k) a prime number?
True
Let i(s) = 10*s - 79. Let o be i(10). Let p(l) = -l**3 + 5*l**2 + 3*l + 1. Let m be p(-5). Let k = o + m. Is k a prime number?
True
Is ((-1823614)/(-78))/((-4)/(-12)) a composite number?
False
Let h(n) = 4*n**3 + 340*n**2 - 97*n - 113. Is h(-56) a prime number?
False
Let l(k) = 11*k + 8. Let w(i) = i. Let t be w(-2). Let p be l(t). Is -2 + (-32)/p - 3333/(-21) a composite number?
True
Suppose 2*s = 7*a - 324115, -2*s - 74469 = 5*a - 305966. Is a composite?
False
Suppose 11124850 = 86*i - 1488073 - 14214003. Is i a composite number?
True
Let s(j) = -j**2 - 37*j - 67. Let z be s(-35). Suppose -6*k = -3*k - 9. Suppose k*o + 3*w + 4626 = 18975, 14341 = z*o - w. Is o a composite number?
True
Let g(z) = -z**3 - 6*z**2 - 7*z. Let r be g(-6). Suppose -469307 = -r*u + 13*u. Is u a composite number?
False
Is 578429 + 2 - (72/(-4) + -30 + 42) a prime number?
False
Let b(r) = -273*r**3 + 5*r**2 + r + 39. Let x(t) = -t**3 - t**2 + 2*t - 2. Let z(p) = b(p) + 5*x(p). Is z(-6) prime?
False
Let t(p) = 8*p**2 - 13*p - 109. Is t(12) prime?
True
Suppose -16709 = -2*o + 2*g + 13309, -2*g - 60044 = -4*o. Is o composite?
False
Suppose -3*p = a - 80545, -4*a - 12*p + 322208 = -7*p. Is a a prime number?
True
Let j(i) be the third derivative of i**6/120 - 3*i**5/20 - 11*i**4/12 + 7*i**3/6 - 18*i**2. Let g be j(10). Let w = -46 - g. Is w prime?
True
Let t(v) = -6659*v + 176. Is t(-25) a prime number?
False
Let h be ((-2)/(-3))/((-80)/(-100680)). Let d = 4344 - h. Is d composite?
True
Let d = -85287 + 443600. Is d a composite number?
False
Let z = 4 - 64. Let k be (1/3)/((-5)/z). Is (1 - -672)/(2 + k/(-4)) composite?
False
Let t(k) = 117*k**2 - 62*k - 2381. Is t(-38) a composite number?
True
Is ((-44706)/(-8))/(63/420) a prime number?
False
Let a = 56400 + -28051. Is a a composite number?
False
Suppose 13 = 4*r + 1, -c + 42739 = 4*r. Is c composite?
False
Suppose -49785 = -g + h, -23*g + 99572 = -21*g - 3*h. Is g a prime number?
True
Let f(g) be the first derivative of 3975*g**2/2 + 2*g + 75. Is f(1) a composite number?
True
Suppose 675326 + 2936182 = 443*r - 4189279. Is r a prime number?
True
Let x(c) = 17*c**2 - 63*c + 23. Let w(t) = -t - 1. Let f(v) = 4*w(v) + x(v). Is f(15) a composite number?
True
Let a(v) = v**3 - 14*v**2 + 5*v - 30. Let p be a(14). Suppose -p = -119*y + 114*y. Suppose r + 2*o = 1269, r = y*o - 3*o + 1234. Is r a composite number?
False
Suppose -1313466 = -2*p - 32*t + 28*t, 2626908 = 4*p - 4*t. Is p prime?
False
Suppose -324 = 6*t - 0*t. Is 5/(18/36 - t/(-116)) a prime number?
False
Suppose i + 40 = 39. Let n be (-78 + i)*(-18 + 15). Let y = n + -140. Is y a composite number?
False
Suppose -3*a = 20*t - 18*t + 19, -14 = -3*t + 4*a. Is 2/(t/(-5)*10/2710) prime?
False
Let m(l) = -4569*l - 127. Is m(-20) composite?
False
Is (33/44 - 13/12)/(3/(-62973)) a composite number?
False
Let y(g) = g**3 + 8*g**2 + 5*g - 10. Let j be y(-7). Suppose -2*r - 2 = -j*b, -r - 6 + 14 = b. Suppose 79 = m - 5*o - 313, 0 = b*m - 3*o - 1188. Is m prime?
True
Let h = -35945 - -151572. Is h a prime number?
False
Let u = -89 - -97. Suppose u*q = 2*q - 528. Let j = 27 - q. Is j composite?
True
Suppose 196*w = 188*w + 1043368. Is w prime?
False
Let k = -8 + 8. Suppose k = -4*t + 3400 - 196. Suppose -y = -t - 676. Is y a prime number?
False
Let o(v) = 2*v + 46. Let s be o(-19). Let g(r) = 34*r**2 - 67*r + 17. Is g(s) prime?
True
Let f be -6*8/(-36)*3/2. Suppose -2958 = -4*u + f*c, -3*u + 2213 = -8*c + 12*c. Is u composite?
False
Suppose -4*y - 5*v + 25 = 0, -9 = -4*v - 5. Let s(k) be the third derivative of 5*k**4/6 - 7*k**3/3 + 3*k**2. Is s(y) a prime number?
False
Suppose -30*v - 39 = -33*v. Suppose -10*s - 11139 = -v*s. Is s prime?
False
Let w be -2 + (-20)/(-6) - 16/12. Suppose w = -19*g + 15*g + 16. Is (4175/(-10) - g)*-2 prime?
False
Suppose 6*t - 7 = 7*t. Is 3 - (-1082 - t)/((-2)/(-4)) prime?
True
Le